)*(-5 + (-39 - 6))?
7
Let u be 18 + (2 - (-6)/(-3)). Let q = u + 1. What is the tens digit of q?
1
Suppose 0 = -l + 4*l - 15. Let p(v) = -v**3 + 5*v**2 - 4*v + 2. Let j be p(l). Let c = j + 26. What is the units digit of c?
8
Let w = -24 + 15. Suppose 0 = -5*s - 4 + 14. What is the units digit of ((-30)/w)/(s/3)?
5
Let o = -18 + 27. What is the units digit of o?
9
Let d be 50/(-6) - 8/12. What is the units digit of (-4)/(-18) - 34/d?
4
Suppose g = -4*d + 5 + 9, 3*d - 1 = 4*g. Let z = -8 + g. What is the units digit of 38/4 + z/12?
9
Let d = 21 + -19. Suppose 3*i = d*i + 32. What is the units digit of i?
2
Let h be 1/(((-8)/6)/(-4)). Suppose p = -2*y + 8, -2*p - h*y = -2*y - 4. Suppose p = 2*a - 3 - 1. What is the units digit of a?
2
Suppose 3*d - 102 = -0*q + 2*q, 0 = 2*d - 4*q - 68. What is the units digit of d?
4
Suppose 0 = -3*c + 8 - 2. Let o be c - -5 - (-2 - -5). Suppose 6*n = 3*n - 4*d + 55, o*d - 21 = -n. What is the units digit of n?
7
Let b = -103 + 235. What is the units digit of b?
2
Let z(b) be the second derivative of -5*b**3/3 + 2*b. Let t = 1 - 3. What is the tens digit of z(t)?
2
Suppose -q - 2*q + 126 = 0. What is the units digit of q?
2
Let q = 73 + -48. Suppose 0 = -5*n - 0*n + q. Suppose n*v - 12 = 3. What is the units digit of v?
3
Suppose -j + 5*l + 16 = 0, 16 = -5*j + l - 0*l. Suppose 18 = -h + 6. Let n = j - h. What is the units digit of n?
8
Let g(b) = 82*b + 2. What is the tens digit of g(1)?
8
Let u = -87 - -157. Let k = -39 + u. What is the tens digit of k?
3
Suppose 5*x + 20 = 0, -x = 4*j - 462 - 490. What is the tens digit of j?
3
Let i(w) = -w**2 + 11*w - 4. What is the units digit of i(7)?
4
Let v be -19 - -13 - 3*1. Let x(u) = u**2 + 4*u - 2. Let g be x(-5). What is the units digit of g/v + (-25)/(-3)?
8
Let c(n) = n**2 + 3*n + 1. Let p be c(-3). Suppose -4*d - 2 = 3*v + p, -2*v - 2*d = 0. What is the units digit of v?
3
Let m = -51 + 77. What is the tens digit of m?
2
Suppose -4*a = -7*a. Suppose r + p + 15 - 36 = a, 4*r - 64 = p. What is the tens digit of r?
1
What is the units digit of 20*8*(-9)/(-15)?
6
Let l = 3 + 3. Suppose x = l*x - 115. What is the units digit of x?
3
Suppose -4*v + 3*z + 911 = 0, 0 = -4*v + z + 667 + 234. What is the units digit of v?
4
Suppose 3*l + 18 = 3*n + 3, 5*l + 25 = -3*n. Suppose h + 2*m - 24 = -3*h, 3*h + 5*m - 25 = 0. Suppose h*w + 2 - 37 = n. What is the units digit of w?
7
What is the units digit of (-2)/6 - ((-350)/6)/7?
8
Suppose 4*p - 11 = 2*p - 3*i, 2*i = -2. What is the units digit of p?
7
Let g = -8 + 5. Let f(o) = o + 2. Let a be f(g). What is the units digit of ((-6)/(-15))/(a/(-10))?
4
Suppose 3*d = 2*f - 7, 4 = 5*d + 9. Suppose -5*c + 6*c = f. Let o(g) = 3*g**2 - 2*g - 1. What is the units digit of o(c)?
7
Let b(u) = -11*u + 3. Let d be b(3). Let g be (-1 - d/4)*2. Suppose -4*f = -g - 3. What is the units digit of f?
4
Suppose 5*z - 4*a - 482 = 0, 3*z = 2*z - a + 100. What is the units digit of z?
8
Let z(n) = -n**3 + 7*n**2 - 4*n - 2. Suppose 4*r = -0*r + 24. What is the units digit of z(r)?
0
What is the units digit of 7/21 - (-16)/6?
3
Suppose -5*a + 267 = 3*b - a, -4*a = -5*b + 445. What is the units digit of b?
9
Let q = -153 - -99. Let f be (-42)/q - 2/(-9). What is the units digit of ((-3)/6)/(f/(-2))?
1
Let s = 512 + -173. What is the hundreds digit of s?
3
Let a(c) = -c**3 + 17*c**2 - 15*c - 11. Let s be a(16). What is the tens digit of -3 - (-3 + -4*s)?
2
Suppose 15*y = -880 + 3370. What is the units digit of y?
6
Suppose 2*i - m = 62, -3*i - 2*i + 3*m + 154 = 0. What is the units digit of i?
2
Suppose 3*i - 12 = -i, 3*o = -3*i + 18. Suppose 3*z - 27 = -o*f, 3*f - 7*f - z + 33 = 0. Let b(n) = 2*n - 2. What is the units digit of b(f)?
4
Let p(i) = -i**2 + 5*i + 2. Let o be p(5). Let n(g) be the second derivative of -g**5/20 + g**4/3 - g**3/3 - g**2 + g. What is the units digit of n(o)?
2
Let r be (-4)/(-14) + 47/7. Let l(m) = 4*m - 1. Let c be l(1). Suppose -c*k - 2*b = -8, k + 4*b = r - 21. What is the units digit of k?
6
Suppose -d - 3*j + 64 = 0, -7*d + 2*j = -3*d - 312. What is the units digit of d?
6
Suppose 0*j = -j + 2*a + 39, 3*j = 3*a + 102. What is the tens digit of j?
2
Suppose 4*c - 4*b - 4 = 0, 10*c - 21 = 5*c - 3*b. Suppose -5*i = 2*w - 0*i - 54, -c*i - 73 = -5*w. What is the tens digit of w?
1
What is the tens digit of (4/(-14) - 22/(-28))*118?
5
Suppose 3*r + 15 = 8*r. What is the units digit of r?
3
Let m(f) = -f - 10. Let w be m(-10). Suppose 0 = -w*a - 3*a + 3*s + 27, 3*a - 2*s = 22. What is the units digit of a?
4
Let o(i) = -i**3 - 7*i**2 - 2*i + 8. Let n(g) = g**3 + 7*g**2 + 3*g - 7. Let v(y) = 3*n(y) + 2*o(y). What is the units digit of v(-6)?
1
Suppose -3*c - c = 0. Let q be ((-4)/6)/(1*4/(-18)). Suppose c = p + 1 - q. What is the units digit of p?
2
Let d be (8/(-12))/(4/(-186)). Suppose -r - 11 + d = 0. Suppose 3*y = y + r. What is the tens digit of y?
1
Let y(h) = h**2 - 3*h + 4. Let s be y(3). What is the tens digit of 140/25*10/s?
1
Let p be (-1 - (3 - 1)) + 1. Let i = -4 + p. Let f = -2 - i. What is the units digit of f?
4
Let u(p) = 5*p**2 + p - 2. Let v(s) = -s - 6. Let l be v(-4). What is the tens digit of u(l)?
1
What is the tens digit of 0/(-3) - (-41 - 1)?
4
Let t(y) = -2 + 2 - y + 2*y**2 + 1 + 1. What is the units digit of t(2)?
8
Suppose -4*h + 6 = -26. Suppose -h*z + 5*z = -21. What is the units digit of z?
7
Let z(s) = -s**3 + 5*s**2 - s + 5. Suppose -2*j + 32 + 1 = 5*b, -b + 1 = -j. What is the tens digit of z(j)?
1
Let n = -1 - -3. Suppose 0 = -3*p + 4*c + 9, n*c + 3*c + 20 = -5*p. What is the units digit of p/(-4) - (-57)/12?
5
Suppose 4*n + 3*o = 57, -n + 3*o - 12 = -2*n. Let x = n + 4. What is the tens digit of x?
1
Suppose -2*v = 3*v - 10. Suppose -3*z = -2*z - v. Suppose -3*s + 0*d = 2*d - 31, -2*d + 24 = z*s. What is the units digit of s?
7
Suppose 0 = 4*y - 5*n - 35, n - 18 = -3*y + 2*n. What is the units digit of y?
5
Suppose 16 = -2*n + 6*n. Suppose 29 = -3*w - 5*y, -n*w - 5*y - 32 = -0*w. What is the tens digit of 19 - (w + 3 + -1)?
2
Let n(t) = t**3 - 7*t**2 + t - 5. Let f be n(7). Suppose 7 = q - f*i + 4*i, -33 = -3*q - 3*i. What is the units digit of q?
5
Let c be (-6)/(-24) + (-150)/(-8). Let p = c - 5. What is the units digit of p?
4
Let h(w) = 2*w - 3. Let i be h(3). Suppose 2*u + 116 = 4*q - i*u, -q = 5*u - 4. What is the units digit of q?
4
Let f(n) = 2*n**2 - n - 13. Let d(w) = w**2 - w + 1. Let a(j) = j**2 - 4*j + 4. Let k be a(3). Let r(c) = k*d(c) - f(c). What is the units digit of r(0)?
4
Let r(v) = 4*v**2 + 5*v + 1. What is the hundreds digit of r(5)?
1
Suppose -x + 25 = -5*c, 2*c = -5*x - 0 + 17. What is the units digit of x?
5
Suppose 4*q - 2*v = 100, -2*q + 46 = v - 4. Suppose 3*x + q = 4*x. Suppose -y + 4*y - 5 = -d, -5*d - 3*y + x = 0. What is the units digit of d?
5
Let m(b) = -b - 1. Suppose -r - 1 - 4 = 0. Let u be m(r). Suppose h = 2*d + 2*d - 28, h + u = 0. What is the units digit of d?
6
Suppose 0 = n + 2*n - 12. Suppose 2*a + 4 = 0, n*j + 4*a = 5*a + 14. Suppose -u + 32 = -j*o + 7*o, 3*u - 24 = -3*o. What is the units digit of o?
8
Suppose -3*s = -5*k + 17, 5*k + 3*s + 4 = -3. Suppose 0 = -4*x - 3*m - k + 3, -x = -3*m - 8. What is the units digit of 3*(x - (1 + -1))?
6
Suppose t - 32 + 9 = 0. What is the units digit of t?
3
Suppose -2*d + 62 = 5*p - d, 4*d = 5*p - 77. What is the tens digit of p?
1
Suppose 0 = 2*q - 354 - 88. What is the tens digit of q?
2
Let j be -2 - 64/6*3. Let v = j + 51. What is the units digit of v?
7
Let a = -2 - -2. What is the units digit of (-1 - a)/((-4)/16)?
4
Let p(k) = -2*k**3 + 6*k**2 - 2*k - 4. Suppose -8 = -2*o - 0. Let b be p(o). What is the tens digit of (-3)/(-6)*b/(-2)?
1
Let y = 0 + 2. Suppose 8 = 2*m - y. Suppose x = -0 + m. What is the units digit of x?
5
Let r = -17 + 11. Let j(w) = -w + 5. What is the units digit of j(r)?
1
Let z = 113 - -14. What is the tens digit of z?
2
Let k = -5 - -9. Suppose -21 = -k*o + o. What is the units digit of o?
7
Let v = -27 - -47. What is the tens digit of v?
2
Let j = 6 + -15. Let y = 23 - j. What is the units digit of y?
2
Let o(d) = 2*d**2 - 7*d + 9. Let l be o(6). Suppose l = 3*p + g, -7*p + 2*g = -2*p - 76. What is the tens digit of p?
1
Let r(p) be the first derivative of 10*p**3/3 - p**2/2